2323196219 composite?
True
Is 1177954051 a composite number?
False
Is 6051229073 a composite number?
True
Is 1217831891 composite?
False
Is 11163369697 prime?
True
Is 747030721 composite?
True
Is 106928383 composite?
False
Is 25968082297 composite?
False
Is 202831015823 prime?
True
Is 15866851963 prime?
True
Is 2723762123 prime?
True
Is 7068353213 prime?
True
Is 58053889547 prime?
True
Is 119557161259 prime?
False
Is 14460770179 a prime number?
False
Is 36520295587 a prime number?
True
Is 10885227989 a composite number?
True
Is 3216090773 a composite number?
True
Is 12780985249 prime?
False
Is 6512275439 a composite number?
False
Is 1092326831 composite?
True
Is 273088513 composite?
True
Is 11532527219 prime?
False
Is 2393452153 prime?
False
Is 21638190689 a prime number?
True
Is 2529388831 composite?
False
Is 1240455343 a composite number?
True
Is 93468996253 composite?
False
Is 126139090151 composite?
False
Is 7139619757 a composite number?
False
Is 220811482003 composite?
True
Is 5399954953 composite?
True
Is 2426905469 composite?
True
Is 4795712699 a composite number?
True
Is 298273691 prime?
True
Is 74413799 a prime number?
True
Is 20230904219 composite?
False
Is 22526372303 prime?
True
Is 17932469603 prime?
True
Is 62824014367 composite?
True
Is 597586243 a composite number?
False
Is 4841935993 a prime number?
True
Is 519432817 a composite number?
False
Is 78731239 a composite number?
True
Is 10934565881 a composite number?
False
Is 2200700993 prime?
False
Is 25130017613 composite?
False
Is 1710697567 composite?
True
Is 106562954237 composite?
True
Is 32542673699 composite?
True
Is 17711867449 a prime number?
True
Is 3806871917 composite?
True
Is 562910599 prime?
True
Is 87863990957 prime?
True
Is 438007553 a composite number?
False
Is 5402301347 composite?
False
Is 620234891 composite?
False
Is 3173074097 a composite number?
True
Is 61590009233 a composite number?
True
Is 9403127071 a prime number?
False
Is 80541405293 prime?
False
Is 1709059991 a composite number?
False
Is 26524688401 a composite number?
False
Is 4962962579 a prime number?
False
Is 1171883759 a prime number?
False
Is 371715737 a composite number?
True
Is 6158190989 a composite number?
False
Is 9212266649 prime?
True
Is 21378661789 a prime number?
True
Is 1683966857 composite?
False
Is 989302651 a composite number?
False
Is 1063230761 a prime number?
True
Is 800150371 a prime number?
False
Is 22483833137 prime?
True
Is 4079641099 a prime number?
False
Is 31194084931 a composite number?
False
Is 22112966081 a prime number?
True
Is 16023167407 prime?
False
Is 7019520565 a prime number?
False
Is 360367839033 composite?
True
Is 2330475151 a prime number?
True
Is 55368253351 composite?
False
Is 10386341857 composite?
False
Is 24392236153 a composite number?
False
Is 3184991933 prime?
True
Is 5131025957 a composite number?
False
Is 866388233 composite?
False
Is 682956563 a prime number?
True
Is 123846878157 composite?
True
Is 16290679687 a composite number?
True
Is 23674133641 a prime number?
True
Is 8592409171 a composite number?
True
Is 2430274411 a composite number?
True
Is 194302063 a prime number?
True
Is 5754450943 composite?
True
Is 4493829253 prime?
True
Is 537557431 prime?
False
Is 2731681919 a prime number?
True
Is 732186137 prime?
True
Is 4146537151 a prime number?
False
Is 15956986511 prime?
False
Is 14440000987 a prime number?
False
Is 265027954 a composite number?
True
Is 1547025223 prime?
True
Is 140400283 a composite number?
False
Is 2601506797 prime?
False
Is 33660491 a prime number?
False
Is 9052942499 a prime number?
False
Is 400112261 prime?
True
Is 24944977471 a composite number?
True
Is 75777034679 prime?
False
Is 531072373 a composite number?
True
Is 5793175243 a prime number?
True
Is 2499062387 a prime number?
True
Is 957679913 a prime number?
True
Is 104144163 a composite number?
True
Is 56829087923 composite?
True
Is 7971831551 a composite number?
True
Is 962777731 a prime number?
True
Is 7528145155 a prime number?
False
Is 3337341601 a composite number?
True
Is 27217743383 a composite number?
False
Is 281625223 composite?
True
Is 1093301839 prime?
False
Is 138175097 prime?
True
Is 354364187 composite?
True
Is 6976029491 prime?
True
Is 13825380749 a prime number?
True
Is 4434989233 a prime number?
False
Is 10642004351 a composite number?
True
Is 649168197 prime?
False
Is 6578772385 a composite number?
True
Is 14373555893 a prime number?
True
Is 13744173715 composite?
True
Is 934001309 composite?
False
Is 116525460423 a prime number?
False
Is 1138394549 composite?
True
Is 543825341 a prime number?
True
Is 165117517 a composite number?
True
Is 18985239111 composite?
True
Is 29121382697 composite?
True
Is 4894984901 a composite number?
True
Is 267286847 a prime number?
False
Is 2370795821 a prime number?
True
Is 5314724081 a composite number?
True
Is 1235373261 a composite number?
True
Is 19623129133 composite?
True
Is 1867047551 a composite number?
False
Is 525161573 a prime number?
False
Is 12828611869 a prime number?
True
Is 1036843603 a composite number?
False
Is 17524812299 a prime number?
True
Is 2413252021 a composite number?
True
Is 107502893503 composite?
False
Is 646771297 composite?
True
Is 9766724137 composite?
False
Is 67246576391 composite?
False
Is 6987859603 prime?
True
Is 5754985799 a composite number?
False
Is 14317265873 a composite number?
False
Is 3617150849 a prime number?
False
Is 31203117767 composite?
True
Is 1268381029 a prime number?
True
Is 674235517 a prime number?
True
Is 7122070187 a prime number?
True
Is 7195070479 a composite number?
False
Is 4651003243 composite?
False
Is 4076305418 a composite number?
True
Is 38522837581 prime?
False
Is 1303108073 a composite number?
False
Is 7761161479 a prime number?
True
Is 1592386031 composite?
False
Is 181719217 prime?
False
Is 76709702765 a prime number?
False
Is 6090170059 a composite number?
False
Is 8121491551 prime?
True
Is 5692836343 prime?
True
Is 402810797 composite?
False
Is 450671723 a composite number?
False
Is 324059623 prime?
True
Is 63610374181 composite?
True
Is 30226799227 a prime number?
False
Is 52810622969 prime?
False
Is 25915985741 a composite number?
False
Is 1448588741 a composite number?
False
Is 2241871897 composite?
True
Is 125855603 a composite number?
True
Is 1282163347 a composite number?
False
Is 37810987099 a prime number?
True
Is 859360057 a prime number?
False
Is 2913627557 a prime number?
False
Is 531103543 prime?
False
Is 3980944579 a composite number?
True
Is 454471740331 a composite number?
True
Is 1286368249 a prime number?
True
Is 29098081777 a composite number?
True
Is 1224842149 a prime number?
False
Is 4356622505 composite?
True
Is 128834281 composite?
True
Is 170278151929 a composite number?
False
Is 1768834931 a composite number?
True
Is 125067095089 prime?
False
Is 12467981527 composite?
True
Is 2310487007 a composite number?
False
Is 57583871621 a composite number?
False
Is 5019878141 prime?
True
Is 4963669301 a prime number?
False
Is 2637231263 prime?
True
Is 17104220787 a composite number?
True
Is 11067025693 a prime number?
False
Is 9205695361 composite?
False
Is 1233527991 composite?
True
Is 11401549 prime?
True
Is 47675511109 a composite number?
True
Is 14194750211 composite?
False
Is 2094236603 a prime number?
False
Is 5137383253 composite?
True
Is 312642757 composite?
True
Is 1445910881 composite?
True
Is 1643920426 a prime number?
False
Is 3060088591 prime?
False
Is 147395387009 a prime number?
False
Is 4512089389 prime?
True
Is 29187157 a composite number?
False
Is 5416211579 a prime number?
True
Is 1790843783 a prime number?
True
Is 8319327011 a prime number?
True
Is 1141781759 composite?
True
Is 22151668687 prime?
False
Is 4410626681 prime?
False
Is 198596753 composite?
True
Is 6373895483 a prime number?
True
Is 1274138545 composite?
True
Is 14972483 prime?
False
Is 57611350873 a composite number?
True
Is 357880217 prime?
True
Is 35164639 a prime number?
True
Is 80740984097 prime?
True
Is 5575319191 composite?
True
Is 308949827 a prime number?
True
Is 865016827 a prime number?
True
Is 1206817733 a composite number?
True
Is 2727181409 prime?
False
Is 3411981197 prime?
False
Is 25145673701 a prime number?
False
Is 1708318